{"id":1024,"date":"2025-02-17T17:44:46","date_gmt":"2025-02-17T13:44:46","guid":{"rendered":"https:\/\/milliprint.az\/?post_type=product&#038;p=1024"},"modified":"2025-02-17T18:34:01","modified_gmt":"2025-02-17T14:34:01","slug":"roll-up-bannerl%c9%99rin-hazirlanmasi-roll-up-bannerl%c9%99rin-qiym%c9%99ti-v%c9%99-sifarisi","status":"publish","type":"product","link":"https:\/\/milliprint.az\/?product=roll-up-bannerl%c9%99rin-hazirlanmasi-roll-up-bannerl%c9%99rin-qiym%c9%99ti-v%c9%99-sifarisi","title":{"rendered":"Roll-up bannerl\u0259rin haz\u0131rlanmas\u0131. Roll-up bannerl\u0259rin qiym\u0259ti v\u0259 sifari\u015fi"},"content":{"rendered":"<div class=\"flex max-w-full flex-col flex-grow\">\n<div class=\"min-h-8 text-message flex w-full flex-col items-end gap-2 whitespace-normal break-words text-start [.text-message+&amp;]:mt-5\" dir=\"auto\" data-message-author-role=\"assistant\" data-message-id=\"98d38cc5-9248-4116-975b-6a34bf8c7fd1\" data-message-model-slug=\"gpt-4o\">\n<div class=\"flex w-full flex-col gap-1 empty:hidden first:pt-[3px]\">\n<div class=\"markdown prose w-full break-words dark:prose-invert dark\">\n<div class=\"flex max-w-full flex-col flex-grow\">\n<div class=\"min-h-8 text-message flex w-full flex-col items-end gap-2 whitespace-normal break-words text-start [.text-message+&amp;]:mt-5\" dir=\"auto\" data-message-author-role=\"assistant\" data-message-id=\"1906c6ea-43da-4f79-a36c-c894f652ccbe\" data-message-model-slug=\"gpt-4o\">\n<div class=\"flex w-full flex-col gap-1 empty:hidden first:pt-[3px]\">\n<div class=\"markdown prose w-full break-words dark:prose-invert dark\">\n<article class=\"w-full text-token-text-primary focus-visible:outline-2 focus-visible:outline-offset-[-4px]\" dir=\"auto\" data-testid=\"conversation-turn-19\" data-scroll-anchor=\"false\">\n<div class=\"m-auto text-base py-[18px] px-6\">\n<div class=\"mx-auto flex flex-1 text-base gap-4 md:gap-5 lg:gap-6 md:max-w-3xl lg:max-w-[40rem] xl:max-w-[48rem]\">\n<div class=\"group\/conversation-turn relative flex w-full min-w-0 flex-col agent-turn @xs\/thread:px-0 @sm\/thread:px-1.5 @md\/thread:px-4\">\n<div class=\"flex-col gap-1 md:gap-3\">\n<div class=\"flex max-w-full flex-col flex-grow\">\n<div class=\"min-h-8 text-message flex w-full flex-col items-end gap-2 whitespace-normal break-words text-start [.text-message+&amp;]:mt-5\" dir=\"auto\" data-message-author-role=\"assistant\" data-message-id=\"6aa2d671-2b10-4054-aba2-2cd8b179785e\" data-message-model-slug=\"gpt-4o-mini\">\n<div class=\"flex w-full flex-col gap-1 empty:hidden first:pt-[3px]\">\n<div class=\"markdown prose w-full break-words dark:prose-invert dark\">\n<p data-start=\"0\" data-end=\"62\"><strong data-start=\"0\" data-end=\"60\">Roll-up Banner \u00c7ap Xidm\u0259ti \u2013 Pe\u015f\u0259kar v\u0259 C\u0259lbedici Reklam<\/strong><\/p>\n<p data-start=\"64\" data-end=\"266\">T\u0259dbirl\u0259riniz, s\u0259rgil\u0259riniz v\u0259 promo f\u0259aliyy\u0259tl\u0259riniz \u00fc\u00e7\u00fcn ideal Roll-up bannerl\u0259r! Y\u00fcks\u0259k keyfiyy\u0259tli \u00e7ap v\u0259 davaml\u0131 materialla haz\u0131rlad\u0131\u011f\u0131m\u0131z Roll-up bannerl\u0259r, diqq\u0259t \u00e7\u0259kici reklam al\u0259tiniz olacaq.<\/p>\n<p data-start=\"268\" data-end=\"406\">\u2705 C\u0259lbedici dizayn v\u0259 y\u00fcks\u0259k vizual t\u0259sir<br data-start=\"309\" data-end=\"312\" \/>\u2705 Canl\u0131 r\u0259ngl\u0259r v\u0259 keyfiyy\u0259tli material<br data-start=\"351\" data-end=\"354\" \/>\u2705 Y\u00fcng\u00fcl v\u0259 da\u015f\u0131mas\u0131 asan<br data-start=\"379\" data-end=\"382\" \/>\u2705 F\u0259rdi dizayn xidm\u0259ti<\/p>\n<h3 data-start=\"408\" data-end=\"433\"><strong data-start=\"412\" data-end=\"431\">Roll-up Banner:<\/strong><\/h3>\n<ul data-start=\"434\" data-end=\"558\">\n<li data-start=\"434\" data-end=\"461\"><strong data-start=\"436\" data-end=\"452\">Minimum say:<\/strong> 1 \u0259d\u0259d<\/li>\n<li data-start=\"462\" data-end=\"501\"><strong data-start=\"464\" data-end=\"479\">Ka\u011f\u0131z n\u00f6v\u00fc:<\/strong> Parlaq v\u0259 mat ka\u011f\u0131z<\/li>\n<li data-start=\"502\" data-end=\"524\"><strong data-start=\"504\" data-end=\"515\">Dizayn:<\/strong> 40 AZN<\/li>\n<li data-start=\"525\" data-end=\"558\"><strong data-start=\"527\" data-end=\"546\">T\u0259hvil verilm\u0259:<\/strong> 1 i\u015f g\u00fcn\u00fc<\/li>\n<\/ul>\n<p data-start=\"560\" data-end=\"768\" data-is-last-node=\"\">\ud83d\udcde <strong data-start=\"563\" data-end=\"625\">Roll-up banner \u00e7ap qiym\u0259tl\u0259ri \u00fc\u00e7\u00fcn biziml\u0259 \u0259laq\u0259 saxlay\u0131n:<\/strong> 055 292 99 33<br data-start=\"639\" data-end=\"642\" \/>Roll-up bannerin qiym\u0259ti sifari\u015fin say\u0131na, material\u0131na v\u0259 dizayn\u0131na g\u00f6r\u0259 d\u0259yi\u015fir. \u018ftrafl\u0131 m\u0259lumat \u00fc\u00e7\u00fcn biziml\u0259 \u0259laq\u0259 saxlay\u0131n!<\/p>\n<\/div>\n<\/div>\n<\/div>\n<div class=\"min-h-8 text-message flex w-full flex-col items-end gap-2 whitespace-normal break-words text-start [.text-message+&amp;]:mt-5\" dir=\"auto\" data-message-author-role=\"assistant\" data-message-id=\"5a7ff345-6d83-41de-bd80-94c112228833\" data-message-model-slug=\"gpt-4o-mini\">\n<div class=\"flex w-full flex-col gap-1 empty:hidden first:pt-[3px]\">\n<div class=\"markdown prose w-full break-words dark:prose-invert dark\">\n<p data-start=\"0\" data-end=\"60\"><strong data-start=\"0\" data-end=\"58\">Roll-up Banner \u00c7ap Xidm\u0259ti \u2013 Pe\u015f\u0259kar v\u0259 C\u0259lbedici H\u0259ll<\/strong><\/p>\n<p data-start=\"62\" data-end=\"239\">T\u0259dbirl\u0259rinizd\u0259 v\u0259 s\u0259rgil\u0259rinizd\u0259 m\u00fc\u015ft\u0259ril\u0259rin diqq\u0259tini \u00e7\u0259km\u0259k \u00fc\u00e7\u00fcn m\u00fck\u0259mm\u0259l Roll-up bannerl\u0259r! Y\u00fcks\u0259k keyfiyy\u0259tli material v\u0259 \u00e7ap texnologiyas\u0131 il\u0259 pe\u015f\u0259kar g\u00f6rk\u0259m \u0259ld\u0259 edin.<\/p>\n<p data-start=\"241\" data-end=\"376\">\u2705 C\u0259lbedici dizayn v\u0259 canl\u0131 r\u0259ngl\u0259r<br data-start=\"276\" data-end=\"279\" \/>\u2705 Y\u00fcks\u0259k keyfiyy\u0259tli v\u0259 davaml\u0131 material<br data-start=\"319\" data-end=\"322\" \/>\u2705 S\u00fcr\u0259tli \u00e7ap v\u0259 \u00e7atd\u0131r\u0131lma<br data-start=\"349\" data-end=\"352\" \/>\u2705 F\u0259rdi dizayn xidm\u0259ti<\/p>\n<h3 data-start=\"378\" data-end=\"403\"><strong data-start=\"382\" data-end=\"401\">Roll-up Banner:<\/strong><\/h3>\n<ul data-start=\"404\" data-end=\"528\">\n<li data-start=\"404\" data-end=\"431\"><strong data-start=\"406\" data-end=\"422\">Minimum say:<\/strong> 1 \u0259d\u0259d<\/li>\n<li data-start=\"432\" data-end=\"471\"><strong data-start=\"434\" data-end=\"449\">Ka\u011f\u0131z n\u00f6v\u00fc:<\/strong> Parlaq v\u0259 mat ka\u011f\u0131z<\/li>\n<li data-start=\"472\" data-end=\"494\"><strong data-start=\"474\" data-end=\"485\">Dizayn:<\/strong> 50 AZN<\/li>\n<li data-start=\"495\" data-end=\"528\"><strong data-start=\"497\" data-end=\"516\">T\u0259hvil verilm\u0259:<\/strong> 1 i\u015f g\u00fcn\u00fc<\/li>\n<\/ul>\n<p data-start=\"530\" data-end=\"742\" data-is-last-node=\"\">\ud83d\udcde <strong data-start=\"533\" data-end=\"595\">Roll-up banner \u00e7ap qiym\u0259tl\u0259ri \u00fc\u00e7\u00fcn biziml\u0259 \u0259laq\u0259 saxlay\u0131n:<\/strong> 055 292 99 33<br data-start=\"609\" data-end=\"612\" \/>Roll-up bannerin qiym\u0259ti sifari\u015fin say\u0131na, materiala, \u00f6l\u00e7\u00fcy\u0259 v\u0259 dizayna g\u00f6r\u0259 d\u0259yi\u015fir. \u018ftrafl\u0131 m\u0259lumat \u00fc\u00e7\u00fcn biziml\u0259 \u0259laq\u0259 saxlay\u0131n!<\/p>\n<\/div>\n<\/div>\n<\/div>\n<\/div>\n<\/div>\n<\/div>\n<\/div>\n<\/div>\n<\/article>\n<\/div>\n<\/div>\n<\/div>\n<\/div>\n<\/div>\n<\/div>\n<\/div>\n<\/div>\n","protected":false},"excerpt":{"rendered":"<p data-start=\"0\" data-end=\"61\"><strong data-start=\"0\" data-end=\"59\">Roll-up Banner \u00c7ap Xidm\u0259ti \u2013 S\u00fcr\u0259tli v\u0259 Keyfiyy\u0259tli \u00c7ap<\/strong><\/p>\n<p data-start=\"63\" data-end=\"248\">T\u0259dbirl\u0259riniz, s\u0259rgil\u0259riniz v\u0259 reklam kampaniyalar\u0131n\u0131z \u00fc\u00e7\u00fcn y\u00fcks\u0259k keyfiyy\u0259tli Roll-up bannerl\u0259r sifari\u015f edin! Geni\u015f auditoriyaya t\u0259sirli \u015f\u0259kild\u0259 \u00e7atmaq \u00fc\u00e7\u00fcn m\u00fck\u0259mm\u0259l reklam al\u0259tiniz!<\/p>\n<p data-start=\"250\" data-end=\"371\">\u2705 M\u00fcxt\u0259lif \u00f6l\u00e7\u00fc v\u0259 dizayn se\u00e7iml\u0259ri<br data-start=\"285\" data-end=\"288\" \/>\u2705 Canl\u0131 r\u0259ngl\u0259r v\u0259 keyfiyy\u0259tli \u00e7ap<br data-start=\"322\" data-end=\"325\" \/>\u2705 S\u00fcr\u0259tli \u00e7atd\u0131r\u0131lma v\u0259 f\u0259rdi dizayn xidm\u0259ti<\/p>\n<h3 data-start=\"373\" data-end=\"403\"><strong data-start=\"377\" data-end=\"401\">Roll-up Banner \u00c7ap\u0131:<\/strong><\/h3>\n<ul data-start=\"404\" data-end=\"575\">\n<li data-start=\"404\" data-end=\"431\"><strong data-start=\"406\" data-end=\"422\">Minimum say:<\/strong> 1 \u0259d\u0259d<\/li>\n<li data-start=\"432\" data-end=\"471\"><strong data-start=\"434\" data-end=\"449\">Ka\u011f\u0131z n\u00f6v\u00fc:<\/strong> Parlaq v\u0259 mat ka\u011f\u0131z<\/li>\n<li data-start=\"472\" data-end=\"518\"><strong data-start=\"474\" data-end=\"487\">Qal\u0131nl\u0131q:<\/strong> 200 qr, 250 qr, 300 qr ka\u011f\u0131z<\/li>\n<li data-start=\"519\" data-end=\"541\"><strong data-start=\"521\" data-end=\"532\">Dizayn:<\/strong> 50 AZN<\/li>\n<li data-start=\"542\" data-end=\"575\"><strong data-start=\"544\" data-end=\"563\">T\u0259hvil verilm\u0259:<\/strong> 1 i\u015f g\u00fcn\u00fc<\/li>\n<\/ul>\n<p data-start=\"577\" data-end=\"793\" data-is-last-node=\"\">\ud83d\udcde <strong data-start=\"580\" data-end=\"642\">Roll-up banner \u00e7ap qiym\u0259tl\u0259ri \u00fc\u00e7\u00fcn biziml\u0259 \u0259laq\u0259 saxlay\u0131n:<\/strong> 055 292 99 33<br data-start=\"656\" data-end=\"659\" \/>Roll-up bannerin qiym\u0259ti sifari\u015fin say\u0131na, materiala, qal\u0131nl\u0131\u011fa v\u0259 \u00f6l\u00e7\u00fcs\u00fcn\u0259 g\u00f6r\u0259 d\u0259yi\u015fir. \u018ftrafl\u0131 m\u0259lumat \u00fc\u00e7\u00fcn biziml\u0259 \u0259laq\u0259 saxlay\u0131n!<\/p>\n","protected":false},"featured_media":1025,"comment_status":"open","ping_status":"closed","template":"","meta":{"om_disable_all_campaigns":false,"_monsterinsights_skip_tracking":false,"_monsterinsights_sitenote_active":false,"_monsterinsights_sitenote_note":"","_monsterinsights_sitenote_category":0,"site-sidebar-layout":"default","site-content-layout":"","ast-site-content-layout":"default","site-content-style":"default","site-sidebar-style":"default","ast-global-header-display":"","ast-banner-title-visibility":"","ast-main-header-display":"","ast-hfb-above-header-display":"","ast-hfb-below-header-display":"","ast-hfb-mobile-header-display":"","site-post-title":"","ast-breadcrumbs-content":"","ast-featured-img":"","footer-sml-layout":"","theme-transparent-header-meta":"default","adv-header-id-meta":"","stick-header-meta":"","header-above-stick-meta":"","header-main-stick-meta":"","header-below-stick-meta":"","astra-migrate-meta-layouts":"set","ast-page-background-enabled":"default","ast-page-background-meta":{"desktop":{"background-color":"","background-image":"","background-repeat":"repeat","background-position":"center center","background-size":"auto","background-attachment":"scroll","background-type":"","background-media":"","overlay-type":"","overlay-color":"","overlay-opacity":"","overlay-gradient":""},"tablet":{"background-color":"","background-image":"","background-repeat":"repeat","background-position":"center center","background-size":"auto","background-attachment":"scroll","background-type":"","background-media":"","overlay-type":"","overlay-color":"","overlay-opacity":"","overlay-gradient":""},"mobile":{"background-color":"","background-image":"","background-repeat":"repeat","background-position":"center center","background-size":"auto","background-attachment":"scroll","background-type":"","background-media":"","overlay-type":"","overlay-color":"","overlay-opacity":"","overlay-gradient":""}},"ast-content-background-meta":{"desktop":{"background-color":"var(--ast-global-color-5)","background-image":"","background-repeat":"repeat","background-position":"center center","background-size":"auto","background-attachment":"scroll","background-type":"","background-media":"","overlay-type":"","overlay-color":"","overlay-opacity":"","overlay-gradient":""},"tablet":{"background-color":"var(--ast-global-color-5)","background-image":"","background-repeat":"repeat","background-position":"center center","background-size":"auto","background-attachment":"scroll","background-type":"","background-media":"","overlay-type":"","overlay-color":"","overlay-opacity":"","overlay-gradient":""},"mobile":{"background-color":"var(--ast-global-color-5)","background-image":"","background-repeat":"repeat","background-position":"center center","background-size":"auto","background-attachment":"scroll","background-type":"","background-media":"","overlay-type":"","overlay-color":"","overlay-opacity":"","overlay-gradient":""}}},"product_brand":[],"product_cat":[24],"product_tag":[28],"class_list":{"0":"post-1024","1":"product","2":"type-product","3":"status-publish","4":"has-post-thumbnail","6":"product_cat-cap-mhsullari","7":"product_tag-roll-up-bannerlr","8":"desktop-align-left","9":"tablet-align-left","10":"mobile-align-left","12":"first","13":"instock","14":"shipping-taxable","15":"product-type-simple"},"aioseo_notices":[],"_links":{"self":[{"href":"https:\/\/milliprint.az\/index.php?rest_route=\/wp\/v2\/product\/1024","targetHints":{"allow":["GET"]}}],"collection":[{"href":"https:\/\/milliprint.az\/index.php?rest_route=\/wp\/v2\/product"}],"about":[{"href":"https:\/\/milliprint.az\/index.php?rest_route=\/wp\/v2\/types\/product"}],"replies":[{"embeddable":true,"href":"https:\/\/milliprint.az\/index.php?rest_route=%2Fwp%2Fv2%2Fcomments&post=1024"}],"wp:featuredmedia":[{"embeddable":true,"href":"https:\/\/milliprint.az\/index.php?rest_route=\/wp\/v2\/media\/1025"}],"wp:attachment":[{"href":"https:\/\/milliprint.az\/index.php?rest_route=%2Fwp%2Fv2%2Fmedia&parent=1024"}],"wp:term":[{"taxonomy":"product_brand","embeddable":true,"href":"https:\/\/milliprint.az\/index.php?rest_route=%2Fwp%2Fv2%2Fproduct_brand&post=1024"},{"taxonomy":"product_cat","embeddable":true,"href":"https:\/\/milliprint.az\/index.php?rest_route=%2Fwp%2Fv2%2Fproduct_cat&post=1024"},{"taxonomy":"product_tag","embeddable":true,"href":"https:\/\/milliprint.az\/index.php?rest_route=%2Fwp%2Fv2%2Fproduct_tag&post=1024"}],"curies":[{"name":"wp","href":"https:\/\/api.w.org\/{rel}","templated":true}]}}