{"id":1060,"date":"2025-02-18T16:15:44","date_gmt":"2025-02-18T12:15:44","guid":{"rendered":"https:\/\/milliprint.az\/?post_type=product&#038;p=1060"},"modified":"2025-02-18T16:23:28","modified_gmt":"2025-02-18T12:23:28","slug":"afisalar-v%c9%99-bannerl%c9%99rin-hazirlanmasi-afisalar-v%c9%99-bannerl%c9%99rin-qiym%c9%99ti-v%c9%99-sifarisi","status":"publish","type":"product","link":"https:\/\/milliprint.az\/?product=afisalar-v%c9%99-bannerl%c9%99rin-hazirlanmasi-afisalar-v%c9%99-bannerl%c9%99rin-qiym%c9%99ti-v%c9%99-sifarisi","title":{"rendered":"Afi\u015falar v\u0259 bannerl\u0259rin haz\u0131rlanmas\u0131. Afi\u015falar v\u0259 bannerl\u0259rin qiym\u0259ti v\u0259 sifari\u015fi"},"content":{"rendered":"<div class=\"flex max-w-full flex-col flex-grow\">\n<div class=\"min-h-8 text-message flex w-full flex-col items-end gap-2 whitespace-normal break-words text-start [.text-message+&amp;]:mt-5\" dir=\"auto\" data-message-author-role=\"assistant\" data-message-id=\"98d38cc5-9248-4116-975b-6a34bf8c7fd1\" data-message-model-slug=\"gpt-4o\">\n<div class=\"flex w-full flex-col gap-1 empty:hidden first:pt-[3px]\">\n<div class=\"markdown prose w-full break-words dark:prose-invert dark\">\n<div class=\"flex max-w-full flex-col flex-grow\">\n<div class=\"min-h-8 text-message flex w-full flex-col items-end gap-2 whitespace-normal break-words text-start [.text-message+&amp;]:mt-5\" dir=\"auto\" data-message-author-role=\"assistant\" data-message-id=\"1906c6ea-43da-4f79-a36c-c894f652ccbe\" data-message-model-slug=\"gpt-4o\">\n<div class=\"flex w-full flex-col gap-1 empty:hidden first:pt-[3px]\">\n<div class=\"markdown prose w-full break-words dark:prose-invert dark\">\n<article class=\"w-full text-token-text-primary focus-visible:outline-2 focus-visible:outline-offset-[-4px]\" dir=\"auto\" data-testid=\"conversation-turn-19\" data-scroll-anchor=\"false\">\n<div class=\"m-auto text-base py-[18px] px-6\">\n<div class=\"mx-auto flex flex-1 text-base gap-4 md:gap-5 lg:gap-6 md:max-w-3xl lg:max-w-[40rem] xl:max-w-[48rem]\">\n<div class=\"group\/conversation-turn relative flex w-full min-w-0 flex-col agent-turn @xs\/thread:px-0 @sm\/thread:px-1.5 @md\/thread:px-4\">\n<div class=\"flex-col gap-1 md:gap-3\">\n<div class=\"flex max-w-full flex-col flex-grow\">\n<div class=\"min-h-8 text-message flex w-full flex-col items-end gap-2 whitespace-normal break-words text-start [.text-message+&amp;]:mt-5\" dir=\"auto\" data-message-author-role=\"assistant\" data-message-id=\"6aa2d671-2b10-4054-aba2-2cd8b179785e\" data-message-model-slug=\"gpt-4o-mini\">\n<div class=\"flex w-full flex-col gap-1 empty:hidden first:pt-[3px]\">\n<div class=\"markdown prose w-full break-words dark:prose-invert dark\">\n<div class=\"flex max-w-full flex-col flex-grow\">\n<div class=\"min-h-8 text-message flex w-full flex-col items-end gap-2 whitespace-normal break-words text-start [.text-message+&amp;]:mt-5\" dir=\"auto\" data-message-author-role=\"assistant\" data-message-id=\"98d38cc5-9248-4116-975b-6a34bf8c7fd1\" data-message-model-slug=\"gpt-4o\">\n<div class=\"flex w-full flex-col gap-1 empty:hidden first:pt-[3px]\">\n<div class=\"markdown prose w-full break-words dark:prose-invert dark\">\n<div class=\"flex max-w-full flex-col flex-grow\">\n<div class=\"min-h-8 text-message flex w-full flex-col items-end gap-2 whitespace-normal break-words text-start [.text-message+&amp;]:mt-5\" dir=\"auto\" data-message-author-role=\"assistant\" data-message-id=\"1906c6ea-43da-4f79-a36c-c894f652ccbe\" data-message-model-slug=\"gpt-4o\">\n<div class=\"flex w-full flex-col gap-1 empty:hidden first:pt-[3px]\">\n<div class=\"markdown prose w-full break-words dark:prose-invert dark\">\n<article class=\"w-full text-token-text-primary focus-visible:outline-2 focus-visible:outline-offset-[-4px]\" dir=\"auto\" data-testid=\"conversation-turn-19\" data-scroll-anchor=\"false\">\n<div class=\"m-auto text-base py-[18px] px-6\">\n<div class=\"mx-auto flex flex-1 text-base gap-4 md:gap-5 lg:gap-6 md:max-w-3xl lg:max-w-[40rem] xl:max-w-[48rem]\">\n<div class=\"group\/conversation-turn relative flex w-full min-w-0 flex-col agent-turn @xs\/thread:px-0 @sm\/thread:px-1.5 @md\/thread:px-4\">\n<div class=\"flex-col gap-1 md:gap-3\">\n<div class=\"flex max-w-full flex-col flex-grow\">\n<div class=\"min-h-8 text-message flex w-full flex-col items-end gap-2 whitespace-normal break-words text-start [.text-message+&amp;]:mt-5\" dir=\"auto\" data-message-author-role=\"assistant\" data-message-id=\"6aa2d671-2b10-4054-aba2-2cd8b179785e\" data-message-model-slug=\"gpt-4o-mini\">\n<div class=\"flex w-full flex-col gap-1 empty:hidden first:pt-[3px]\">\n<div class=\"markdown prose w-full break-words dark:prose-invert dark\">\n<div class=\"flex max-w-full flex-col flex-grow\">\n<div class=\"min-h-8 text-message flex w-full flex-col items-end gap-2 whitespace-normal break-words text-start [.text-message+&amp;]:mt-5\" dir=\"auto\" data-message-author-role=\"assistant\" data-message-id=\"98d38cc5-9248-4116-975b-6a34bf8c7fd1\" data-message-model-slug=\"gpt-4o\">\n<div class=\"flex w-full flex-col gap-1 empty:hidden first:pt-[3px]\">\n<div class=\"markdown prose w-full break-words dark:prose-invert dark\">\n<div class=\"flex max-w-full flex-col flex-grow\">\n<div class=\"min-h-8 text-message flex w-full flex-col items-end gap-2 whitespace-normal break-words text-start [.text-message+&amp;]:mt-5\" dir=\"auto\" data-message-author-role=\"assistant\" data-message-id=\"1906c6ea-43da-4f79-a36c-c894f652ccbe\" data-message-model-slug=\"gpt-4o\">\n<div class=\"flex w-full flex-col gap-1 empty:hidden first:pt-[3px]\">\n<div class=\"markdown prose w-full break-words dark:prose-invert dark\">\n<article class=\"w-full text-token-text-primary focus-visible:outline-2 focus-visible:outline-offset-[-4px]\" dir=\"auto\" data-testid=\"conversation-turn-19\" data-scroll-anchor=\"false\">\n<div class=\"m-auto text-base py-[18px] px-6\">\n<div class=\"mx-auto flex flex-1 text-base gap-4 md:gap-5 lg:gap-6 md:max-w-3xl lg:max-w-[40rem] xl:max-w-[48rem]\">\n<div class=\"group\/conversation-turn relative flex w-full min-w-0 flex-col agent-turn @xs\/thread:px-0 @sm\/thread:px-1.5 @md\/thread:px-4\">\n<div class=\"flex-col gap-1 md:gap-3\">\n<div class=\"flex max-w-full flex-col flex-grow\">\n<div class=\"min-h-8 text-message flex w-full flex-col items-end gap-2 whitespace-normal break-words text-start [.text-message+&amp;]:mt-5\" dir=\"auto\" data-message-author-role=\"assistant\" data-message-id=\"6aa2d671-2b10-4054-aba2-2cd8b179785e\" data-message-model-slug=\"gpt-4o-mini\">\n<div class=\"flex w-full flex-col gap-1 empty:hidden first:pt-[3px]\">\n<div class=\"markdown prose w-full break-words dark:prose-invert dark\">\n<h3 data-start=\"0\" data-end=\"68\"><strong data-start=\"4\" data-end=\"66\">Afi\u015falar v\u0259 Bannerl\u0259r \u00c7ap Xidm\u0259ti \u2013 M\u00f6ht\u0259\u015f\u0259m Reklam H\u0259lli!<\/strong><\/h3>\n<p data-start=\"70\" data-end=\"286\"><strong data-start=\"70\" data-end=\"189\">Biznesinizi v\u0259 t\u0259dbirl\u0259rinizi effektiv \u015f\u0259kild\u0259 tan\u0131tmaq \u00fc\u00e7\u00fcn y\u00fcks\u0259k keyfiyy\u0259tli afi\u015falar v\u0259 bannerl\u0259r sifari\u015f edin!<\/strong> Pe\u015f\u0259kar dizayn v\u0259 m\u00fcasir \u00e7ap texnologiyam\u0131z say\u0259sind\u0259 diqq\u0259t\u00e7\u0259k\u0259n reklam m\u0259hsullar\u0131 \u0259ld\u0259 edin.<\/p>\n<hr data-start=\"288\" data-end=\"291\" \/>\n<h3 data-start=\"293\" data-end=\"358\"><strong data-start=\"297\" data-end=\"356\">Niy\u0259 Bizim Afi\u015fa v\u0259 Banner Xidm\u0259tl\u0259rimizi Se\u00e7m\u0259lisiniz?<\/strong><\/h3>\n<p data-start=\"360\" data-end=\"867\">\u2705 <strong data-start=\"362\" data-end=\"389\">M\u00fcxt\u0259lif \u00f6l\u00e7\u00fc se\u00e7iml\u0259ri<\/strong> \u2013 Ki\u00e7ik afi\u015falardan b\u00f6y\u00fck bannerl\u0259r\u0259 q\u0259d\u0259r ist\u0259nil\u0259n \u00f6l\u00e7\u00fcd\u0259 \u00e7ap imkan\u0131.<br data-start=\"461\" data-end=\"464\" \/>\u2705 <strong data-start=\"466\" data-end=\"502\">Keyfiyy\u0259tli \u00e7ap v\u0259 canl\u0131 r\u0259ngl\u0259r<\/strong> \u2013 R\u0259ngl\u0259rin d\u0259qiqliyi v\u0259 ka\u011f\u0131z\u0131n m\u00f6hk\u0259mliyi il\u0259 uzun\u00f6m\u00fcrl\u00fc reklam h\u0259lli.<br data-start=\"575\" data-end=\"578\" \/>\u2705 <strong data-start=\"580\" data-end=\"614\">S\u00fcr\u0259tli istehsal v\u0259 \u00e7atd\u0131r\u0131lma<\/strong> \u2013 Sifari\u015fl\u0259r q\u0131sa m\u00fcdd\u0259td\u0259 haz\u0131rlan\u0131r v\u0259 t\u0259hvil verilir.<br data-start=\"671\" data-end=\"674\" \/>\u2705 <strong data-start=\"676\" data-end=\"700\">F\u0259rdi dizayn xidm\u0259ti<\/strong> \u2013 \u0130st\u0259y\u0259 uy\u011fun dizayn, loqo v\u0259 m\u0259lumatlar\u0131n yerl\u0259\u015fdirilm\u0259si.<br data-start=\"761\" data-end=\"764\" \/>\u2705 <strong data-start=\"766\" data-end=\"807\">\u0130\u00e7 v\u0259 \u00e7\u00f6l \u015f\u0259raitin\u0259 uy\u011fun materiallar<\/strong> \u2013 M\u00f6hk\u0259m v\u0259 hava \u015f\u0259raitin\u0259 davaml\u0131 bannerl\u0259r v\u0259 afi\u015falar.<\/p>\n<hr data-start=\"869\" data-end=\"872\" \/>\n<h3 data-start=\"874\" data-end=\"927\"><strong data-start=\"878\" data-end=\"925\">Afi\u015falar v\u0259 Bannerl\u0259r Kiml\u0259r \u00dc\u00e7\u00fcn Uy\u011fundur?<\/strong><\/h3>\n<p data-start=\"929\" data-end=\"1540\">\ud83d\udccc <strong data-start=\"932\" data-end=\"958\">Biznesl\u0259r v\u0259 \u015firk\u0259tl\u0259r<\/strong> \u2013 Reklam kampaniyalar\u0131, endiriml\u0259r v\u0259 yeni m\u0259hsullar\u0131n tan\u0131t\u0131m\u0131 \u00fc\u00e7\u00fcn.<br data-start=\"1028\" data-end=\"1031\" \/>\ud83d\udccc <strong data-start=\"1034\" data-end=\"1059\">T\u0259dbir t\u0259\u015fkilat\u00e7\u0131lar\u0131<\/strong> \u2013 Konsertl\u0259r, s\u0259rgil\u0259r, seminarlar v\u0259 t\u0259dbirl\u0259r \u00fc\u00e7\u00fcn afi\u015falar v\u0259 bannerl\u0259r.<br data-start=\"1135\" data-end=\"1138\" \/>\ud83d\udccc <strong data-start=\"1141\" data-end=\"1169\">Ma\u011fazalar v\u0259 restoranlar<\/strong> \u2013 Endirim elanlar\u0131, yeni m\u0259hsul v\u0259 menyu tan\u0131t\u0131m\u0131 \u00fc\u00e7\u00fcn.<br data-start=\"1225\" data-end=\"1228\" \/>\ud83d\udccc <strong data-start=\"1231\" data-end=\"1262\">Universitetl\u0259r v\u0259 m\u0259kt\u0259bl\u0259r<\/strong> \u2013 T\u0259dris t\u0259dbirl\u0259ri, elanlar v\u0259 m\u0259lumatland\u0131r\u0131c\u0131 plakatlar \u00fc\u00e7\u00fcn.<br data-start=\"1327\" data-end=\"1330\" \/>\ud83d\udccc <strong data-start=\"1333\" data-end=\"1364\">\u0130dman v\u0259 \u0259yl\u0259nc\u0259 t\u0259dbirl\u0259ri<\/strong> \u2013 M\u00fcsabiq\u0259l\u0259r, yar\u0131\u015flar v\u0259 dig\u0259r t\u0259dbirl\u0259rin reklam\u0131 \u00fc\u00e7\u00fcn.<br data-start=\"1423\" data-end=\"1426\" \/>\ud83d\udccc <strong data-start=\"1429\" data-end=\"1463\">H\u00f6kum\u0259t v\u0259 ictimai t\u0259\u015fkilatlar<\/strong> \u2013 Sosial elanlar, ictimai t\u0259dbirl\u0259r v\u0259 m\u0259lumatland\u0131rma kampaniyalar\u0131 \u00fc\u00e7\u00fcn.<\/p>\n<\/div>\n<\/div>\n<\/div>\n<\/div>\n<\/div>\n<\/div>\n<\/div>\n<\/div>\n<\/article>\n<\/div>\n<\/div>\n<\/div>\n<\/div>\n<\/div>\n<\/div>\n<\/div>\n<\/div>\n<\/div>\n<\/div>\n<\/div>\n<\/div>\n<\/div>\n<\/div>\n<\/div>\n<\/div>\n<\/article>\n<\/div>\n<\/div>\n<\/div>\n<\/div>\n<\/div>\n<\/div>\n<\/div>\n<\/div>\n<\/div>\n<\/div>\n<\/div>\n<\/div>\n<\/div>\n<\/div>\n<\/div>\n<\/div>\n<\/article>\n<\/div>\n<\/div>\n<\/div>\n<\/div>\n<\/div>\n<\/div>\n<\/div>\n<\/div>\n","protected":false},"excerpt":{"rendered":"<div class=\"flex max-w-full flex-col flex-grow\">\n<div class=\"min-h-8 text-message flex w-full flex-col items-end gap-2 whitespace-normal break-words text-start [.text-message+&amp;]:mt-5\" dir=\"auto\" data-message-author-role=\"assistant\" data-message-id=\"98d38cc5-9248-4116-975b-6a34bf8c7fd1\" data-message-model-slug=\"gpt-4o\">\n<div class=\"flex w-full flex-col gap-1 empty:hidden first:pt-[3px]\">\n<div class=\"markdown prose w-full break-words dark:prose-invert dark\">\n<div class=\"flex max-w-full flex-col flex-grow\">\n<div class=\"min-h-8 text-message flex w-full flex-col items-end gap-2 whitespace-normal break-words text-start [.text-message+&amp;]:mt-5\" dir=\"auto\" data-message-author-role=\"assistant\" data-message-id=\"1906c6ea-43da-4f79-a36c-c894f652ccbe\" data-message-model-slug=\"gpt-4o\">\n<div class=\"flex w-full flex-col gap-1 empty:hidden first:pt-[3px]\">\n<div class=\"markdown prose w-full break-words dark:prose-invert dark\">\n<article class=\"w-full text-token-text-primary focus-visible:outline-2 focus-visible:outline-offset-[-4px]\" dir=\"auto\" data-testid=\"conversation-turn-19\" data-scroll-anchor=\"false\">\n<div class=\"m-auto text-base py-[18px] px-6\">\n<div class=\"mx-auto flex flex-1 text-base gap-4 md:gap-5 lg:gap-6 md:max-w-3xl lg:max-w-[40rem] xl:max-w-[48rem]\">\n<div class=\"group\/conversation-turn relative flex w-full min-w-0 flex-col agent-turn @xs\/thread:px-0 @sm\/thread:px-1.5 @md\/thread:px-4\">\n<div class=\"flex-col gap-1 md:gap-3\">\n<div class=\"flex max-w-full flex-col flex-grow\">\n<div class=\"min-h-8 text-message flex w-full flex-col items-end gap-2 whitespace-normal break-words text-start [.text-message+&amp;]:mt-5\" dir=\"auto\" data-message-author-role=\"assistant\" data-message-id=\"6aa2d671-2b10-4054-aba2-2cd8b179785e\" data-message-model-slug=\"gpt-4o-mini\">\n<div class=\"flex w-full flex-col gap-1 empty:hidden first:pt-[3px]\">\n<div class=\"markdown prose w-full break-words dark:prose-invert dark\">\n<div class=\"flex max-w-full flex-col flex-grow\">\n<div class=\"min-h-8 text-message flex w-full flex-col items-end gap-2 whitespace-normal break-words text-start [.text-message+&amp;]:mt-5\" dir=\"auto\" data-message-author-role=\"assistant\" data-message-id=\"195dffcc-249f-4cce-be96-62f8cdd1629a\" data-message-model-slug=\"gpt-4o-mini\">\n<div class=\"flex w-full flex-col gap-1 empty:hidden first:pt-[3px]\">\n<div class=\"markdown prose w-full break-words dark:prose-invert dark\">\n<h3 data-start=\"1547\" data-end=\"1592\"><strong data-start=\"1551\" data-end=\"1590\">Afi\u015fa v\u0259 Bannerl\u0259rin X\u00fcsusiyy\u0259tl\u0259ri<\/strong><\/h3>\n<p data-start=\"1594\" data-end=\"1887\">\ud83d\udccc <strong data-start=\"1597\" data-end=\"1608\">\u00d6l\u00e7\u00fcl\u0259r<\/strong>: A3, A2, A1, A0 v\u0259 x\u00fcsusi \u00f6l\u00e7\u00fcl\u0259r<br data-start=\"1642\" data-end=\"1645\" \/>\ud83d\udccc <strong data-start=\"1648\" data-end=\"1669\">Ka\u011f\u0131z v\u0259 material<\/strong>: Parlaq v\u0259 mat ka\u011f\u0131z, vinil, PVC, mesh banner<br data-start=\"1715\" data-end=\"1718\" \/>\ud83d\udccc <strong data-start=\"1721\" data-end=\"1739\">\u00c7ap keyfiyy\u0259ti<\/strong>: HD \u00e7ap, UV qoruma texnologiyas\u0131<br data-start=\"1772\" data-end=\"1775\" \/>\ud83d\udccc <strong data-start=\"1778\" data-end=\"1796\">Dizayn xidm\u0259ti<\/strong>: 70 AZN (sifari\u015f\u0259 g\u00f6r\u0259 f\u0259rdil\u0259\u015fdirilmi\u015f dizayn)<br data-start=\"1844\" data-end=\"1847\" \/>\ud83d\udccc <strong data-start=\"1850\" data-end=\"1872\">\u00c7atd\u0131r\u0131lma m\u00fcdd\u0259ti<\/strong>: 2-4 i\u015f g\u00fcn\u00fc<\/p>\n<hr data-start=\"1889\" data-end=\"1892\" \/>\n<h3 data-start=\"1894\" data-end=\"1929\"><strong data-start=\"1898\" data-end=\"1927\">Sifari\u015f v\u0259 \u018flaq\u0259 M\u0259lumat\u0131<\/strong><\/h3>\n<p data-start=\"1931\" data-end=\"2010\">\ud83d\udcde <strong data-start=\"1934\" data-end=\"1989\">Qiym\u0259tl\u0259r v\u0259 sifari\u015fl\u0259r \u00fc\u00e7\u00fcn biziml\u0259 \u0259laq\u0259 saxlay\u0131n<\/strong>: <strong data-start=\"1991\" data-end=\"2008\">055 292 99 33<\/strong><\/p>\n<p data-start=\"2012\" data-end=\"2175\" data-is-last-node=\"\"><strong data-start=\"2012\" data-end=\"2037\">Afi\u015falar v\u0259 bannerl\u0259r<\/strong> il\u0259 <strong data-start=\"2042\" data-end=\"2101\">\u015firk\u0259tinizin v\u0259 ya t\u0259dbirinizin tan\u0131t\u0131m\u0131n\u0131 g\u00fccl\u0259ndirin!<\/strong> Biziml\u0259 \u0259laq\u0259 saxlay\u0131n v\u0259 <strong data-start=\"2128\" data-end=\"2172\">keyfiyy\u0259tli reklam m\u0259hsullar\u0131 \u0259ld\u0259 edin!<\/strong> \ud83d\ude80<\/p>\n<\/div>\n<\/div>\n<\/div>\n<\/div>\n<\/div>\n<\/div>\n<\/div>\n<\/div>\n<\/div>\n<\/div>\n<\/div>\n<\/div>\n<\/article>\n<\/div>\n<\/div>\n<\/div>\n<\/div>\n<\/div>\n<\/div>\n<\/div>\n<\/div>\n","protected":false},"featured_media":1061,"comment_status":"open","ping_status":"closed","template":"","meta":{"om_disable_all_campaigns":false,"_monsterinsights_skip_tracking":false,"_monsterinsights_sitenote_active":false,"_monsterinsights_sitenote_note":"","_monsterinsights_sitenote_category":0,"site-sidebar-layout":"default","site-content-layout":"","ast-site-content-layout":"default","site-content-style":"default","site-sidebar-style":"default","ast-global-header-display":"","ast-banner-title-visibility":"","ast-main-header-display":"","ast-hfb-above-header-display":"","ast-hfb-below-header-display":"","ast-hfb-mobile-header-display":"","site-post-title":"","ast-breadcrumbs-content":"","ast-featured-img":"","footer-sml-layout":"","theme-transparent-header-meta":"default","adv-header-id-meta":"","stick-header-meta":"","header-above-stick-meta":"","header-main-stick-meta":"","header-below-stick-meta":"","astra-migrate-meta-layouts":"set","ast-page-background-enabled":"default","ast-page-background-meta":{"desktop":{"background-color":"","background-image":"","background-repeat":"repeat","background-position":"center center","background-size":"auto","background-attachment":"scroll","background-type":"","background-media":"","overlay-type":"","overlay-color":"","overlay-opacity":"","overlay-gradient":""},"tablet":{"background-color":"","background-image":"","background-repeat":"repeat","background-position":"center center","background-size":"auto","background-attachment":"scroll","background-type":"","background-media":"","overlay-type":"","overlay-color":"","overlay-opacity":"","overlay-gradient":""},"mobile":{"background-color":"","background-image":"","background-repeat":"repeat","background-position":"center center","background-size":"auto","background-attachment":"scroll","background-type":"","background-media":"","overlay-type":"","overlay-color":"","overlay-opacity":"","overlay-gradient":""}},"ast-content-background-meta":{"desktop":{"background-color":"var(--ast-global-color-5)","background-image":"","background-repeat":"repeat","background-position":"center center","background-size":"auto","background-attachment":"scroll","background-type":"","background-media":"","overlay-type":"","overlay-color":"","overlay-opacity":"","overlay-gradient":""},"tablet":{"background-color":"var(--ast-global-color-5)","background-image":"","background-repeat":"repeat","background-position":"center center","background-size":"auto","background-attachment":"scroll","background-type":"","background-media":"","overlay-type":"","overlay-color":"","overlay-opacity":"","overlay-gradient":""},"mobile":{"background-color":"var(--ast-global-color-5)","background-image":"","background-repeat":"repeat","background-position":"center center","background-size":"auto","background-attachment":"scroll","background-type":"","background-media":"","overlay-type":"","overlay-color":"","overlay-opacity":"","overlay-gradient":""}}},"product_brand":[],"product_cat":[24],"product_tag":[45],"class_list":{"0":"post-1060","1":"product","2":"type-product","3":"status-publish","4":"has-post-thumbnail","6":"product_cat-cap-mhsullari","7":"product_tag-afisalar-v-bannerlr","8":"desktop-align-left","9":"tablet-align-left","10":"mobile-align-left","12":"first","13":"instock","14":"shipping-taxable","15":"product-type-simple"},"aioseo_notices":[],"_links":{"self":[{"href":"https:\/\/milliprint.az\/index.php?rest_route=\/wp\/v2\/product\/1060","targetHints":{"allow":["GET"]}}],"collection":[{"href":"https:\/\/milliprint.az\/index.php?rest_route=\/wp\/v2\/product"}],"about":[{"href":"https:\/\/milliprint.az\/index.php?rest_route=\/wp\/v2\/types\/product"}],"replies":[{"embeddable":true,"href":"https:\/\/milliprint.az\/index.php?rest_route=%2Fwp%2Fv2%2Fcomments&post=1060"}],"wp:featuredmedia":[{"embeddable":true,"href":"https:\/\/milliprint.az\/index.php?rest_route=\/wp\/v2\/media\/1061"}],"wp:attachment":[{"href":"https:\/\/milliprint.az\/index.php?rest_route=%2Fwp%2Fv2%2Fmedia&parent=1060"}],"wp:term":[{"taxonomy":"product_brand","embeddable":true,"href":"https:\/\/milliprint.az\/index.php?rest_route=%2Fwp%2Fv2%2Fproduct_brand&post=1060"},{"taxonomy":"product_cat","embeddable":true,"href":"https:\/\/milliprint.az\/index.php?rest_route=%2Fwp%2Fv2%2Fproduct_cat&post=1060"},{"taxonomy":"product_tag","embeddable":true,"href":"https:\/\/milliprint.az\/index.php?rest_route=%2Fwp%2Fv2%2Fproduct_tag&post=1060"}],"curies":[{"name":"wp","href":"https:\/\/api.w.org\/{rel}","templated":true}]}}